6943145 a prime number?
False
Is 12770391 a composite number?
True
Is 12394271 prime?
True
Is 158566521 a composite number?
True
Is 137772949 composite?
False
Is 1234313 composite?
True
Is 744362153 composite?
True
Is 5390897 a prime number?
False
Is 967567 composite?
False
Is 7985509 prime?
False
Is 1580737 composite?
False
Is 1156577 a prime number?
False
Is 22540839 composite?
True
Is 28453823 prime?
True
Is 16808713 composite?
False
Is 84937 a prime number?
False
Is 72603781 composite?
True
Is 153356717 a prime number?
True
Is 47589173 prime?
True
Is 217557471 a composite number?
True
Is 321679 prime?
True
Is 7949015 a prime number?
False
Is 8422861 a prime number?
False
Is 54809873 prime?
True
Is 17489309 composite?
False
Is 490249 a composite number?
False
Is 1151483 a composite number?
False
Is 60426829 a composite number?
True
Is 10191563 composite?
False
Is 1420501 prime?
True
Is 195608989 a composite number?
True
Is 12616103 composite?
False
Is 107163911 a prime number?
True
Is 41460401 prime?
False
Is 970077 prime?
False
Is 3471817 a composite number?
False
Is 93347359 prime?
False
Is 24273455 a composite number?
True
Is 90755549 composite?
False
Is 344700485 a composite number?
True
Is 8263433 composite?
False
Is 1386053 a prime number?
True
Is 4215941 a prime number?
True
Is 19736357 a composite number?
True
Is 10350799 composite?
False
Is 2776289 a composite number?
False
Is 5270231 prime?
True
Is 134171 composite?
False
Is 163073 a prime number?
False
Is 150255899 a prime number?
True
Is 44818999 prime?
True
Is 15314839 a composite number?
False
Is 205857859 composite?
True
Is 220765529 composite?
True
Is 1682783 a prime number?
False
Is 1421531 prime?
False
Is 640018 a composite number?
True
Is 23031581 prime?
False
Is 117138787 composite?
False
Is 229103599 composite?
False
Is 106379699 a prime number?
False
Is 46553987 a composite number?
False
Is 21255137 prime?
False
Is 3190589 a composite number?
False
Is 6193609 a prime number?
True
Is 14507117 a prime number?
True
Is 1805447 a composite number?
True
Is 3852647 composite?
True
Is 12605947 composite?
False
Is 1022449 a prime number?
True
Is 34846807 a prime number?
True
Is 3120827 composite?
False
Is 322708357 composite?
True
Is 1659619265 a composite number?
True
Is 479844877 a prime number?
False
Is 46455917 prime?
False
Is 16720007 prime?
True
Is 117285101 a prime number?
True
Is 2817343 a composite number?
True
Is 64753343 a composite number?
True
Is 19297 prime?
False
Is 55586717 prime?
True
Is 50606371 composite?
True
Is 22889747 prime?
False
Is 11944697 prime?
True
Is 23620661 a composite number?
True
Is 18427667 a composite number?
True
Is 223208695 prime?
False
Is 22957549 a prime number?
False
Is 7134059 prime?
False
Is 58237503 prime?
False
Is 18516629 a prime number?
False
Is 507617 a prime number?
False
Is 795743 prime?
False
Is 86699561 a prime number?
False
Is 20707759 a prime number?
True
Is 262811 a prime number?
False
Is 150002209 a composite number?
True
Is 1209335 prime?
False
Is 66134017 a composite number?
False
Is 279962713 a prime number?
True
Is 197495 a composite number?
True
Is 20911123 a composite number?
False
Is 20388017 a prime number?
False
Is 44612483 a prime number?
False
Is 839087 a prime number?
True
Is 11629151 a composite number?
False
Is 604880581 a prime number?
False
Is 24641627 composite?
False
Is 513787 composite?
True
Is 33685577 a prime number?
False
Is 11068049 composite?
True
Is 1133131 composite?
False
Is 10855157 a composite number?
True
Is 38119043 prime?
True
Is 42946399 a composite number?
True
Is 103514899 a prime number?
True
Is 124914479 prime?
False
Is 317377 composite?
True
Is 130354311 prime?
False
Is 795281 a composite number?
True
Is 11356399 a prime number?
True
Is 36589837 composite?
False
Is 22184353 prime?
False
Is 16367761 prime?
False
Is 2338619 a prime number?
True
Is 16511773 composite?
False
Is 7668823 a composite number?
False
Is 5852779 a composite number?
True
Is 1938711 prime?
False
Is 13740643 a prime number?
False
Is 179857 composite?
True
Is 44940271 prime?
True
Is 3038261 a prime number?
False
Is 17105147 a composite number?
False
Is 2531377 prime?
True
Is 225159971 composite?
False
Is 1121018651 composite?
False
Is 31487641 a prime number?
True
Is 45228901 composite?
False
Is 159561527 composite?
False
Is 6530767 a composite number?
True
Is 5235067 prime?
False
Is 18043505 prime?
False
Is 8406571 a composite number?
True
Is 1752931 prime?
False
Is 29515849 prime?
False
Is 10490999 prime?
False
Is 19627183 composite?
True
Is 40326779 a prime number?
True
Is 4786063 a prime number?
False
Is 9986291 a composite number?
True
Is 34100369 composite?
False
Is 269879993 composite?
True
Is 450552973 a prime number?
False
Is 33833531 a prime number?
False
Is 9195253 a prime number?
True
Is 674533 composite?
False
Is 6397201 prime?
False
Is 15040303 composite?
False
Is 14641193 a composite number?
True
Is 229841 composite?
False
Is 30735323 a composite number?
True
Is 1524613 composite?
False
Is 19190261 composite?
False
Is 895127 a prime number?
True
Is 29068909 prime?
False
Is 26711977 a prime number?
True
Is 16634003 composite?
True
Is 1143431 a prime number?
False
Is 87152119 a composite number?
True
Is 1930051 a prime number?
False
Is 5654531 a composite number?
False
Is 14023094 a prime number?
False
Is 43526789 a prime number?
False
Is 5934281 a composite number?
False
Is 5930411 a composite number?
True
Is 191014801 composite?
True
Is 6914059 prime?
True
Is 226511 a composite number?
False
Is 104564407 a prime number?
False
Is 17393273 prime?
False
Is 6494039 a composite number?
False
Is 36623617 a prime number?
False
Is 4489993 composite?
True
Is 5669497 a prime number?
False
Is 4494877 a composite number?
True
Is 59855473 prime?
False
Is 9931709 a composite number?
False
Is 4233898 a composite number?
True
Is 10109842 prime?
False
Is 19719803 composite?
False
Is 6219203 prime?
True
Is 8440763 prime?
False
Is 421153591 prime?
True
Is 14155439 prime?
True
Is 9704603 prime?
False
Is 15289837 composite?
True
Is 25589059 prime?
True
Is 22856243 composite?
True
Is 13893739 a prime number?
True
Is 1806563 composite?
True
Is 21267319 prime?
False
Is 1502669 a prime number?
False
Is 9239833 a prime number?
False
Is 452519 a prime number?
True
Is 51971 prime?
True
Is 805529 a prime number?
False
Is 85114361 prime?
True
Is 131135 a prime number?
False
Is 189032066 composite?
True
Is 825047 a prime number?
True
Is 19813253 a composite number?
True
Is 104963699 a composite number?
False
Is 603282719 composite?
True
Is 126574517 prime?
True
Is 137308555 a prime number?
False
Is 10715885 prime?
False
Is 12751811 composite?
False
Is 28373417 a prime number?
False
Is 28697 prime?
True
Is 594599 composite?
True
Is 27760735 prime?
False
Is 1282695077 a prime number?
False
Is 25357291 a composite number?
False
Is 2881549 prime?
False
Is 43591447 composite?
True
Is 413230929 a prime number?
False
Is 15368189 composite?
False
Is 17856221 a prime number?
True
Is 30079499 a prime number?
False
Is 556663429 prime?
False
Is 1570007 composite?
False
Is 4815443 a composite number?
False
Is 3670169 prime?
True
Is 39958426 a composite number?
True
Is 88443427 a prime number?
False
Is 89729 composite?
True
Is 135723919 a prime number?
True
Is 20450549 prime?
False
Is 882886 a composite number?
True
Is 1193351 a composite number?
False
Is 19815077 composite?
False
Is 1174867 a composite number?
True
Is 18484519 composite?
False
Is 343462877 composite?
True
Is 23757479 a prime number?
True
Is 58727023 prime?
True
Is 15179719 a composite number?
True
Is 6763153 composite?
False
Is 558413 a composite number?
False
Is 14896113 prime?
False
Is 18028999 prime?
True
Is 36169891 a prime number?
False
Is 3365183 prime?
False
Is 2371429 composite?
True
Is 6928323 a composite number?
True
Is 3890443 a prime number?
False
Is 32072309 a composite number?
False
Is 85434169 a composite number?
True
Is 742969 composite?
True
Is 2995411 a prime number?
True
Is 7851107 composite?
True
Is 6099217 a prime number?
True
Is 2987269 a prime number?
False
Is 26563867 composite?
True
Is 17308367 composite?
False
Is 1416821 prime?
False
Is 336023393 